r**2 - 61*r - 2*r**2 + 58*r - r**3 - 1. Suppose -2 = j - 0. Determine y(j).
9
Let a(v) = -19869 + 19872 - 7*v + 5*v. Let c(q) = -q + 5. Let j be c(5). Calculate a(j).
3
Let d(u) = -2*u**2 - 34*u - 32. Let s be d(-16). Let i(a) be the third derivative of -8*a**2 + s*a + 0 - 1/12*a**4 - 2/3*a**3. What is i(-5)?
6
Let h(t) = -t**3 + t**2 - 1. Let a(y) = -y**2 + 24*y - 143. Let v be a(13). What is h(v)?
-1
Suppose 9 = -3*x + 5*t - 11, 4*x + 4*t + 48 = 0. Let g = 6 + -22. Let d = g - x. Let f(q) = -q - 5. What is f(d)?
1
Let x(z) = -z**2 + 25*z - 25. Let b be x(24). Let m be b/2 - (-9)/6. Let g(y) = 4*y - 1. Let t(j) = j. Let s(d) = g(d) - 2*t(d). Determine s(m).
1
Let g(j) = j + 14. Suppose -5*r + 35 = -30. Determine g(r).
27
Let s(c) = 7*c**3 + 5*c**2 + 14*c + 21. Let p(n) = 3*n**3 + 3*n**2 + 7*n + 12. Let d(u) = -5*p(u) + 2*s(u). Determine d(-4).
-6
Let s(i) = -4*i + 3*i + 7*i - 4 - 5*i. What is s(8)?
4
Let y be -2*(-2)/(1 - -3). Let s(v) = v + v**2 + 5*v + y - 5*v + 0. Determine s(-4).
13
Let a(t) = -t - t**3 - 1015 + 1026 - t + 8*t**2. Give a(8).
-5
Let u(w) = -189*w + 1. Let j(a) = 853*a - 5. Let f(h) = -2*j(h) - 9*u(h). Let t = -8 + 11. Calculate f(t).
-14
Let u(k) = 4*k**3 + 2*k**2 - 3*k - 2. Suppose 5*q = 7*q + 5*g - 16, 4*g = 2*q + 20. Determine u(q).
-20
Let g(l) = 4*l + 2 - l**2 + 1 - 6. Let w(p) = p - 1. Let a(m) = -g(m) + 4*w(m). Give a(-2).
3
Let q(i) = -i**3 + 7*i**2 - 5*i - 4. Let x be q(6). Let w(d) = -3*d**x - d**2 - 6*d + 5*d**2 - 4. Suppose 171*v - 176*v + 35 = 0. Determine w(v).
3
Let v be -2*(1 + (-5)/2). Suppose -2*r - 7 = g, v*g = r - 6*r - 19. Let z be (3/2)/(g/12). Let q(j) = j**2 + 8*j - 1. Give q(z).
-13
Let o(z) be the first derivative of -z**2 + 8*z - 66. What is o(12)?
-16
Let x be (108/(-14))/(-3) + (-196)/343. Let j(s) be the first derivative of -6 + 0*s + s**3 + 1/2*s**4 + 0*s**x. Give j(-2).
-4
Let f(r) = 141*r + 707. Let q be f(-5). Let c(d) = -2 - 3*d**2 - d**2 + d + 2*d**3 + 2*d**2. Determine c(q).
8
Let c = 0 + -7. Let v = c + 3. Let f(x) = 6*x - 4. Let s(u) = -u + 1. Let z(q) = 2*f(q) + 11*s(q). Give z(v).
-1
Let n(x) = -14*x + 89. Let p be n(6). Let q(k) = -k**3 + 2*k**2 + 6*k + 1. Calculate q(p).
-44
Let a(i) = i**2 + i. Let x(t) = -3*t**2 + 5*t - 7. Let g(s) = -2*a(s) - x(s). Let q(j) = 2*j**2 - 43*j + 66. Let k be q(20). Determine g(k).
1
Let p(n) = -n**2 - 3*n - 3. Let j be (-8)/(-10)*(-7 + 12). Let u(v) = j*v**2 - 10*v + 16 - 2*v**2 + 2*v - 18. Let d be u(4). Determine p(d).
-1
Let o(k) = 0 - k + 0 + 2 - 3. Let g(m) = -2*m + 7. Let z(l) = -g(l) - 2*o(l). Calculate z(4).
11
Let r(x) = -4*x**3 + 81*x**2 + 72*x + 103. Let p(y) = y**3 - 20*y**2 - 18*y - 26. Let s(q) = 9*p(q) + 2*r(q). Calculate s(19).
-9
Let u(f) = -f. Let l(k) = k**3 + 4*k**2 - 8*k - 15. Let y be l(-5). Suppose 3*x + 4*r + 17 + 9 = y, 33 = -4*x - 5*r. Determine u(x).
2
Let r(l) = l + 2. Let p be 2/4 - ((-11)/2)/(-11). What is r(p)?
2
Let k(z) = 5*z + 9. Let v = 144 + -147. What is k(v)?
-6
Let v be (13 + -9)/(4/10). Suppose q = -4*m + 2 + v, 0 = -3*m - 3*q + 18. Let j(x) = -3*x**2 - x + 1. Determine j(m).
-13
Let x(u) be the second derivative of -u**4/12 + u**3/3 + u**2/2 + 38*u. Let m(h) = 6*h**2 + 2*h + 1. Let r(j) = m(j) - 2*x(j). Calculate r(-1).
9
Suppose -4*u = 2*b + 46, 2*b + 0 + 48 = -2*u. Let p be b/(-50) + (-13)/2. Let d(s) = -s**2 - 6*s - 4. Give d(p).
-4
Let q(y) = -y**2 - 42*y + 50. Let k be q(-43). Let j(p) = -p**2 + 6*p + 7. Calculate j(k).
0
Let t(o) = -6*o**3 - o**3 + 5*o**2 + 3*o**3 - 7*o - 7 + 5*o**3. Suppose -2*q = 3*r + q + 18, 0 = 3*q. What is t(r)?
-1
Let f(t) = 4*t**3 + 24*t**2 + 20*t - 21. Let x(y) = y**3 + 6*y**2 + 5*y - 5. Let a(z) = 2*f(z) - 9*x(z). Suppose 3193*q = 3199*q + 30. Determine a(q).
3
Let h(n) = n**3 + 12*n**2 + 12*n + 8. Suppose 2*i - 3*z + 28 = 0, -3*i - 45*z + 42*z = 27. Give h(i).
-3
Let l(r) be the second derivative of -r**4/12 - 5*r**3/6 + 2*r. Let f = 3031 - 3036. Give l(f).
0
Let m = 381 - 368. Let v(g) = g**3 - 14*g**2 + 13*g. Calculate v(m).
0
Let d(i) be the first derivative of -i**4/4 + 5*i**3/3 + i**2 - 7*i - 2. Let m be d(5). Let h(a) = m - 3*a - 3 - a**2 - 3*a. Calculate h(-6).
0
Let b(k) be the third derivative of k**6/30 + k**4/24 - 3*k**2. Let x be (2 - (-2 + 5) - 4)/(-1). Suppose -x*t + 8 = 3. Determine b(t).
5
Let v(q) = 4*q**3 - q - 1. Let n(s) be the second derivative of s**3/6 + s**2 - 25*s. Let m = 7 - 10. Let c be n(m). Give v(c).
-4
Let p(o) be the second derivative of o**6/144 - o**5/60 + o**4/12 - 11*o. Let d(y) be the third derivative of p(y). Give d(2).
8
Let c be -1*(2 + -13) - 5. Let t(z) be the first derivative of -z**3/3 + 5*z**2/2 - 8*z - 19. Give t(c).
-14
Let x be (-279)/(-63) + 6/(-84)*6. Let w(i) = 12*i - i**2 - 8 + 2 - 5*i. Determine w(x).
6
Let u(b) = 12*b - 1. Let k(s) = 24*s - 2. Suppose 5*i = 15, -w - 17 = i + 120. Let q be w/15 - (-2)/6. Let c(h) = q*u(h) + 4*k(h). Give c(1).
-11
Let z(t) = t**2 + 5*t + 2. Let w be z(-5). Let a be (-12 + 0)/(-3) - w. Let j(n) = -22 + 7 - 3*n + 7 + 9. Give j(a).
-5
Let j(s) = 5*s + 35. Let x = 155 + -160. What is j(x)?
10
Let s(d) = -d**2 - 9*d - 18. Let z be s(-4). Let q be (-13)/(-2) - 1/2. Let y(k) = q*k**3 + 2 + k - z. Give y(-1).
-7
Suppose r - 7 = 4. Let h = 10 - r. Let i(g) = -4*g + 1. Let f be i(h). Let m(k) = -k**3 + 4*k**2 + 4*k. Give m(f).
-5
Suppose -u + 0 + 3 = 0. Let d(w) = w - u - 2 - 1 + 3. Let a(j) = j**3 - 11*j**2 - 11*j - 9. Let f be a(12). What is d(f)?
0
Let t(m) = m**3 - 9*m**2 + 10*m - 12. Let h(o) = -4 + 15*o + 3*o**2 - 15*o + 5*o. Let r be h(-3). Calculate t(r).
4
Let j(h) = h - 1. Let m = 26 - 24. Let g(k) = k**2 - 2*k + 5. Let p be g(m). Give j(p).
4
Let x(q) = q**3 - 9*q**2 + q - 6. Let d be x(9). Suppose -2*t = -0*t + d*l + 3, 15 = t - 4*l. Let m(b) = b - 2 + 0 - t*b**2 + 3. Determine m(-1).
-3
Suppose -5*f + 10*f + 2*z = -23, 4*f + 8 = z. Let n(x) = 2*x**2 - 5*x - 4. What is n(f)?
29
Let p(m) = -4*m + 11. Let s = -802 - -797. What is p(s)?
31
Let v(g) = 3*g**3 + 12*g**2 + 14*g - 25. Let l(t) = -5*t**3 - 25*t**2 - 29*t + 50. Let z(o) = 4*l(o) + 7*v(o). Give z(17).
8
Let p(c) be the third derivative of -c**7/2520 - c**6/144 + c**5/60 + c**4/3 + 4*c**2. Let h(j) be the second derivative of p(j). Calculate h(-4).
6
Suppose 0 = 2*w + 6*w - 344. Let x(k) = 141*k - 50*k - w*k + 7 - 44*k. Calculate x(-6).
-17
Suppose -3*x = -5*b + 21 + 6, 4*b - 3*x = 24. Let n be (-1 - b)/(-2*1). Let u(v) = -v - 1 + 3*v**n + 3 - 4*v**2. Determine u(-3).
-4
Let a(r) = -4*r - 11*r**3 + 270 - 3*r**2 + 16*r**3 - 268 + 6*r**2. Give a(1).
6
Suppose 0 = -4*q + 29 - 13. Suppose -q = 5*s + 21. Let r(d) = -d**3 - 4*d**2 + 7*d + 7. Calculate r(s).
-3
Let k(c) = -3*c**2 + 2*c + 1. Suppose 2*i - 25 = -27. Give k(i).
-4
Suppose -s + 19 = 3*z, 4*s + s + 5*z - 65 = 0. Let w(a) = a**3 - 9*a**2 - 11*a + 6. Calculate w(s).
-4
Let b(w) = -w**3 + 7*w**2 - 5*w + 8. Suppose -m + 6*m = 0. Suppose -v + 3*v - g - 10 = 0, -5*v + 2*g + 26 = m. Calculate b(v).
14
Let s be ((-6)/(-8))/(210/1400). Let w(i) = -6*i + 12. Determine w(s).
-18
Let c(a) = -a**3 + 4*a**2 - 3*a + 2. Suppose -3*w + 12 = -0*w. Let l = w + 1. Suppose -3*m - 4*j + 13 = 0, -3*m - l*j - 2 + 16 = 0. What is c(m)?
2
Let i(a) = -a**2 - 5*a - 3. Let c = 7 - 2. Let v(n) = n - 3. Let m be v(6). Suppose 0 = o + 3*q + 11, 6*o - 5*q + c = m*o. Calculate i(o).
-3
Suppose 0 = -2*m + 3*m - 3. Let v(o) = m*o - 4*o**3 + 6*o**2 + 7 + 2*o**3 - 2*o**2 + o**3. Let g(l) = -l + 3. Let k be g(-2). What is v(k)?
-3
Let v be ((-12)/(-14))/(90/315). Let b(t) be the third derivative of 0 + 7/60*t**5 + 0*t + 1/120*t**6 + 7/6*t**v - 6*t**2 + 1/3*t**4. Determine b(-6).
-5
Let j be (5/(-1) + 6)/(2/(-2)). Let z(c) = -15*c**3 + 4*c**2 + 6*c - 3. Let h(p) = -31*p**3 + 7*p**2 + 11*p - 5. Let u(q) = -4*h(q) + 7*z(q). Give u(j).
-18
Let s(t) = -t + 19 + 3 - t - 3*t. Let a be s(6). Let g(h) = -2*h - 9. Determine g(a).
7
Let m(h) = -2 - 5*h + 0 + 4*h + h**2. Let k(d) = -d**2 + 45*d - 496. Let p be k(20). Calculate m(p).
10
Let m(b) be the second derivative of -1/2*b**2 + 8*b + 1/3*b**3 + 0 - 1/12*b**4. What is m(2)?
-1
Let j(d) = 4878 - 2431 - 2410 - 5*d. What is j(5)?
12
Let v = 12 + -9. Let b(d) = 3*d**2 - 2*d + v*d - 4 + 6. Let j(a) = -2*a**2 + 3*a + 3. Let f be j(-1). What is b(f)?
12
Let p be (24/(-4))/(3